/(-2)). What is the tens digit of (-12)/((-12)/4) + q?
2
What is the hundreds digit of 68754/(-12)*16/(-56)?
6
Let c(x) = 636*x - 21. What is the hundreds digit of c(2)?
2
Let q = 41 - -37. Let m = 20 + q. What is the tens digit of m?
9
Suppose 3*p + 8 = 4*k, -k + 2 = -2*p - 5. What is the units digit of ((-1120)/5)/p + 4?
0
Let u(f) = -47 - 12*f + 47. Let b = -5 + 3. What is the tens digit of u(b)?
2
Let r = -6 - -5. Let w = r + -15. What is the tens digit of (-1 - w)*(-20)/(-12)?
2
Suppose 0 = 2*r + 3*r - 15. Suppose 212 = 7*p - r*p. What is the tens digit of p?
5
Let h = -51 + 61. Suppose 12 = l - 3*l. Let k = h + l. What is the units digit of k?
4
Let y(k) = k**2 - 4*k - 3. Let v be y(5). Suppose -5*d = -2*d + 2*j + 16, -5*d - 48 = -v*j. Let w = 0 - d. What is the units digit of w?
8
Let g(w) = w**3 + 10*w**2 - 11*w - 7. Let x be g(-11). Let m be 2/x + 138/42. Suppose 5*n - q = -m*q + 52, -3*n + 5*q + 25 = 0. What is the tens digit of n?
1
Let i = 1609 - 1264. What is the units digit of i?
5
Let c(z) = 2*z**2 + 13*z - 106. Let h be c(6). Let j = 4 + -2. Suppose 12 = 4*g, 2 = 2*u - j*g - h. What is the units digit of u?
6
Suppose 2*n = -3*n + 30. Let d(w) = 9*w**3 + 8*w**2 - 2. Let m(i) = -i**3 - i**2. Let h(l) = n*m(l) + d(l). What is the units digit of h(2)?
0
Suppose 329*t - 333*t = -10108. What is the thousands digit of t?
2
Suppose 2*z = 4*t - 2222, -4*t - 3563 + 190 = 3*z. What is the tens digit of 3*z/(-18) - (-7)/14?
8
Suppose 5643 = 63*m - 58*m + 3*n, 3*m = -2*n + 3385. What is the units digit of m?
1
Suppose 3*y + 23 = -2*d, 4*y + 17 = -d - 2. Let c be (-33)/(-55) - d/5. What is the units digit of (-3 + c)/1*-45?
5
Suppose 4*h - 27 = -5*n - 5, 2*n - 5*h + 11 = 0. Suppose 3 = n*a + 1. Suppose 17 = -4*z + a, 51 = 3*g + 3*z. What is the tens digit of g?
2
Let u(w) = 441*w**2 + 4*w + 3. What is the tens digit of u(-1)?
4
Suppose 355 = 6*r - r. Suppose -5*f - r = -451. What is the units digit of f?
6
What is the thousands digit of ((-405)/12)/((-15)/540)?
1
Let q = -252 - -396. Suppose -q = -3*s + 33. What is the units digit of s?
9
Let n = -2 - -6. Let x(o) = o**2 + o + 1. Let y(i) = -i + 5. Let f(a) = x(a) - y(a). What is the units digit of f(n)?
0
Suppose -11436 = -17*n + 1365. What is the units digit of n?
3
Suppose -2*v - 2*j - 2408 = -6*v, -4*v + j + 2406 = 0. What is the tens digit of v?
0
Let n(u) = -72*u - 400. What is the hundreds digit of n(-18)?
8
Suppose 3*c + 0*c - 9 = 0. Let j(s) = -s**3 - 6*s**2 - 4*s - 4. Let y be j(-8). Suppose v = -c*v + y. What is the units digit of v?
9
Let z = -6422 + 9031. What is the tens digit of z?
0
Let a(r) = 17*r - 1. Let f be a(-7). What is the units digit of (816/f)/(((-3)/(-20))/(-3))?
6
Let y(g) = -2*g**2 + 11*g - 14. Let b(h) = -6*h**2 + 33*h - 43. Let o(i) = 2*b(i) - 7*y(i). What is the units digit of o(8)?
2
Let g be 0*(-2 - -1)*1. Suppose g = -2*n + 4*r - 2, 4*n - 6*n = 4*r - 38. Suppose 11 + n = s. What is the units digit of s?
0
Suppose -5*u + 3575 = 4*z - 4741, -5*u - 8276 = -4*z. What is the thousands digit of z?
2
Suppose 3*f = -3*t + 2*f + 3, -t = 3*f + 7. Suppose -109 = -9*a + 6*a - t*v, -2 = -v. What is the units digit of a?
5
Let u(y) = y**3 - 8*y**2 + 8*y + 7. Suppose -96 + 16 = -4*z. Suppose 2 - 5 = -v - m, 4*v + 2*m = z. What is the units digit of u(v)?
4
Let n(r) = -r - 6. Let o be n(-10). Let h be ((-18)/o)/(5/10). What is the tens digit of (-168)/h*(-9)/(-6)?
2
Let d(m) = -2*m - 4. Let k be d(-2). Let b(y) = y**2 + y + 30. What is the units digit of b(k)?
0
Suppose -4 - 2 = -2*s. Suppose 3 + 12 = -s*l. What is the units digit of (6/5)/(l/(-25))?
6
Let t(s) = -s - 6. Let z be t(-10). Suppose 4*a - 12 + 420 = z*g, -4*g + 5*a = -411. Suppose 3*l = 6*l - g. What is the units digit of l?
3
Suppose -10*q + 3666 = 506. What is the hundreds digit of q?
3
Let t(f) be the first derivative of f**4/4 + 3*f**3 - f**2 - 5*f + 9. What is the units digit of t(-9)?
3
Suppose -2*h = -2*d + 2*h - 10, 2*d - 2*h + 8 = 0. Let r(u) = -41*u + 4. What is the tens digit of r(d)?
2
Let l = 4 - 0. Suppose -4*d = 4*o - 92, -4*o = -l*d - 104 - 28. Suppose 2*b - 4*b + o = 0. What is the units digit of b?
4
Let g be 0/(0/(-2) - 2). Suppose g*z + z = 130. What is the units digit of z?
0
Let v = 19 - 1. Suppose 20*o = v*o + 124. What is the units digit of o?
2
What is the hundreds digit of (-17928)/(-16) + 6/12?
1
Let w(r) = -r**3 + 18*r**2 - 17*r - 42. Let j be w(17). What is the tens digit of 101 + (-9)/(-7) + 12/j?
0
Let q be 13/3 - (-2)/(-6). Let b be 78/18 - (5 - 11/3). Let c = q + b. What is the units digit of c?
7
Let g be 7/5 - 1 - 1984/160. What is the units digit of (-1046)/(-8) - (63/g)/(-7)?
0
What is the hundreds digit of (-8855)/14*((-56)/20 - -2)?
5
Let p(s) = -s**3 - 6*s**2 + 8. Let b be p(-6). What is the units digit of (-882)/(-72) + (-2)/b?
2
Suppose 4*t + 2*k = 2194, -4*k + 531 = 2*t - t. What is the hundreds digit of t?
5
Let z = 899 - 519. What is the hundreds digit of z?
3
Suppose -3402 = -30*w + 3*w. What is the hundreds digit of w?
1
Let t(n) be the third derivative of n**5/60 - 7*n**4/8 - 4*n**3/3 + 2*n**2. What is the tens digit of t(22)?
1
Let i be (1*-7)/(5/35). Let h = i + 29. What is the tens digit of (-190)/(-2)*(-12)/h?
5
Suppose -1678 = -12*o + 5942. What is the hundreds digit of o?
6
Suppose -2*j - 30 = 3*j. Let p(c) = c + 1. Let o(a) = 6*a + 5. Let l(y) = -o(y) + 5*p(y). What is the units digit of l(j)?
6
Let j(i) = 4*i**2 - 23*i + 25. What is the tens digit of j(9)?
4
What is the tens digit of 2 + -4 + 1 + 236?
3
Let p(o) = 2*o + 7. Let w be 2*6/(-4) + 11. Let v be 136/10 - w/(-20). What is the units digit of p(v)?
5
Let j(c) = c**3 - c**2 - c. Let u be j(2). Suppose -u*q = -2*i - 8, -3 = q - 4*i - 4. Suppose -19 = -q*a + 111. What is the units digit of a?
6
What is the hundreds digit of (-14)/42*1*-663?
2
Let f(u) = -u**2 + u. Let l(d) = 5*d**2 + 7*d + 3. Suppose -z - 3*n + 12 = 2*z, -4*n + 9 = -3*z. Let r(v) = z*l(v) - 4*f(v). What is the units digit of r(-2)?
3
What is the thousands digit of (43 + 8)/(15/325)?
1
Suppose 0*k + 18 = 3*k. Let b(a) = -2*a**2 + k*a + a**2 + 3*a**2 + 4. What is the units digit of b(-5)?
4
Let n(g) = 91*g + 98. What is the thousands digit of n(22)?
2
Let f(m) = 2*m - 2. Let h be f(-2). Let t(n) = -n**3 - 4*n**2 + n - 1. What is the tens digit of t(h)?
6
What is the units digit of 12/(-18)*17*-21?
8
Let b be 4 + -4 + 6*1. Let k = -4 + b. What is the units digit of ((-190)/(-20))/(k/4)?
9
Suppose 0 = -21*l + 26525 + 24463. What is the tens digit of l?
2
Let s(x) = x**2 - x. Let b(t) = t**3 + t**2 - 3*t + 1. Let g(j) = -j**2 + 7*j - 3. Let i be g(7). Let f(v) = i*s(v) + b(v). What is the units digit of f(2)?
1
Let q = 46 + -41. Suppose q*x + 3*r = 8 + 562, x - 114 = -5*r. What is the tens digit of x?
1
Let x = 19 - 19. Suppose r + 2*r - 429 = x. What is the tens digit of r?
4
Suppose -10512 = -4*x - 4*b, 2*x - 4236 - 1020 = 2*b. What is the tens digit of x?
2
Suppose -2*w = 5*r - 31, 70 = 4*w + 4*r - 2*r. Let b = w - 16. Suppose 4*c = g, 5 = -c + b*g - 2. What is the units digit of c?
1
Suppose -3*n = 5*p - 35 - 1, -n - 16 = -3*p. Suppose 224 = 2*u - 3*g, -p*u + 5*u = 3*g - 112. What is the hundreds digit of u?
1
Let s(c) be the third derivative of -c**6/120 - c**5/15 - c**4/8 + c**3/2 + 5*c**2. Let y be s(-3). What is the units digit of ((-19)/4)/(y/(-36))?
7
Suppose 3*h + 1 - 10 = 0. Suppose h*c - 121 = 203. Suppose -12 = -4*r + c. What is the tens digit of r?
3
Suppose -15*h - 12780 = -30*h. What is the hundreds digit of h?
8
Let t(v) = -2*v**3 - 8*v**2 - 7*v + 17. Let o be t(7). What is the tens digit of (-1 + -1)*(o/(-4))/(-15)?
3
Let d(z) = 9*z + 2028. What is the tens digit of d(0)?
2
Suppose 9415 = 20*f - 485. What is the hundreds digit of f?
4
Suppose 0 = 4*z - 11 + 31. Let o(w) = 8*w - 78. Let b be o(16). What is the units digit of b/15*(-9)/z?
6
Suppose 0 = -2392*j + 2395*j - 13434. What is the thousands digit of j?
4
Let l(x) = -x - 1. Let q be l(3). Suppose 0 = -2*b + b - 2. What is the units digit of 6*(b*2)/q?
6
Suppose -24*w = -19887 - 465. What is the tens digit of w?
4
Suppose -28*s + 456 = -25*s. Suppose 5*n - n + s = 2*x, -x + 4*n = -86. What is the tens digit of x?
6
Suppose -7*x + 2324 = 826. What is the hundred